{"id":48310,"date":"2025-12-29T11:07:43","date_gmt":"2025-12-29T04:07:43","guid":{"rendered":"https:\/\/winelibrarybangkok.com\/?post_type=product&#038;p=48310"},"modified":"2025-12-29T11:07:43","modified_gmt":"2025-12-29T04:07:43","slug":"champagne-la-rogerie-heroine-bdb-grand-cru-extra-brut-2014","status":"publish","type":"product","link":"https:\/\/winelibrarybangkok.com\/index.php\/product\/champagne-la-rogerie-heroine-bdb-grand-cru-extra-brut-2014\/","title":{"rendered":"CHAMPAGNE LA ROGERIE HEROINE BDB GRAND CRU EXTRA BRUT 2014"},"content":{"rendered":"","protected":false},"excerpt":{"rendered":"<p>100% Chardonnay<\/p>\n<p>94 Points Falstaff<\/p>\n<p>The genius of any small wine producer, but above all of a vigneron, consists in giving a singular style to their labels, in order to offer immediately recognizable cuv\u00e9es, using the soil and climate conditions of the area and combining them with their own production philosophy.<br \/>\nAmong the young Domaines that reiterate this concept, we find La Rogerie, a project born in 2015 from the intentions of Justine and Fran\u00e7ois, both coming from historic families of winemakers, originally from Alsace and Avize respectively. &#8220;L&#8217;H\u00e9ro\u00efne&#8221; is one of their Champagne Blanc de Blancs, a cuv\u00e9e of rare and fascinating finesse from the Grand Cru village of Avize. In the glass it is golden yellow in color, with fine and persistent perlage. The olfactory profile is full of fragrances of brioche bread, dried fruit, butter, vanilla and yeasts. In the mouth it shows the immense potential of the Avize terroir, revealing a good structure and a marked minerality, which unfolds up to a finish of astonishing elegance and inexhaustible persistence.&#8221;H\u00e9ro\u00efne&#8221; rests on the yeasts in the bottle for a period of over 90 months and the production is limited to a few thousand bottles per year.<\/p>\n","protected":false},"featured_media":48311,"comment_status":"closed","ping_status":"closed","template":"","meta":[],"product_brand":[172,184],"product_cat":[100],"product_tag":[170,148],"class_list":{"0":"post-48310","1":"product","2":"type-product","3":"status-publish","4":"has-post-thumbnail","6":"product_brand-champagne","7":"product_brand-france","8":"product_cat-france","9":"product_tag-france","10":"product_tag-wine","13":"first","14":"instock","15":"shipping-taxable","16":"product-type-simple"},"_links":{"self":[{"href":"https:\/\/winelibrarybangkok.com\/index.php\/wp-json\/wp\/v2\/product\/48310","targetHints":{"allow":["GET"]}}],"collection":[{"href":"https:\/\/winelibrarybangkok.com\/index.php\/wp-json\/wp\/v2\/product"}],"about":[{"href":"https:\/\/winelibrarybangkok.com\/index.php\/wp-json\/wp\/v2\/types\/product"}],"replies":[{"embeddable":true,"href":"https:\/\/winelibrarybangkok.com\/index.php\/wp-json\/wp\/v2\/comments?post=48310"}],"wp:featuredmedia":[{"embeddable":true,"href":"https:\/\/winelibrarybangkok.com\/index.php\/wp-json\/wp\/v2\/media\/48311"}],"wp:attachment":[{"href":"https:\/\/winelibrarybangkok.com\/index.php\/wp-json\/wp\/v2\/media?parent=48310"}],"wp:term":[{"taxonomy":"product_brand","embeddable":true,"href":"https:\/\/winelibrarybangkok.com\/index.php\/wp-json\/wp\/v2\/product_brand?post=48310"},{"taxonomy":"product_cat","embeddable":true,"href":"https:\/\/winelibrarybangkok.com\/index.php\/wp-json\/wp\/v2\/product_cat?post=48310"},{"taxonomy":"product_tag","embeddable":true,"href":"https:\/\/winelibrarybangkok.com\/index.php\/wp-json\/wp\/v2\/product_tag?post=48310"}],"curies":[{"name":"wp","href":"https:\/\/api.w.org\/{rel}","templated":true}]}}